NOAA style reports

NOAA-style Climate Reports

Select a Year or Month report

Report for 2016 Sep
                   Monthly Climatological Summary for Sep 2016

Name: departure period NCDC 1981-2010   City: Valentine   State: Nebraska
Elevation: 2593 ft  Lat: N 42 52' 30"   Lon: W 100 33' 48"

                  Temperature (F), Rain (in), Wind Speed (mph)

                                      Heat  Cool        Avg
    Mean                              Deg   Deg         Wind                 Dom
Day Temp  High   Time   Low    Time   Days  Days  Rain  Speed High   Time    Dir
----------------------------------------------------------------------------------
 1  70.1  83.8   15:49  56.8   07:21   1.5   6.6  0.00   8.4  32.0   14:40   SSE
 2  69.3  79.0   15:05  60.2   05:50   1.0   5.2  0.00  15.7  39.0   11:45     S
 3  72.2  87.0   15:32  62.4   06:08   0.4   7.7  0.00  12.0  35.0   10:43     S
 4  71.5  86.3   14:12  59.5   07:25   0.8   7.3  0.45   7.4  31.0   21:26     S
 5  62.9  70.3   17:47  57.6   04:23   2.7   0.6  0.00   2.8  27.0   23:42    NE
 6  62.7  69.7   16:09  58.8   03:03   2.8   0.5  0.82   5.9  26.0   03:02    NE
 7  67.3  84.9   17:31  58.0   01:25   1.8   4.1  0.00   4.9  33.0   17:58   NNE
 8  65.5  83.8   16:50  46.3   06:58   5.5   6.0  0.00   6.6  32.0   14:51     S
 9  60.7  68.4   13:29  50.1   23:51   4.6   0.3  0.00   8.6  36.0   13:30   NNW
10  59.9  77.5   17:03  41.5   07:36   8.0   2.9  0.00   5.9  24.0   23:45   WSW
11  71.4  91.2   16:31  54.2   07:37   2.4   8.8  0.00   7.7  26.0   01:39   SSW
12  58.5  70.3   00:00  50.0   23:34   6.7   0.2  0.00  10.4  39.0   12:47     N
13  50.1  60.5   15:22  43.2   04:51  14.9   0.0  0.00   5.8  24.0   15:42    NE
14  54.7  71.4   16:21  38.6   05:28  11.3   1.0  0.00   7.9  31.0   15:01   SSE
15  64.4  81.0   15:04  53.2   23:57   4.7   4.1  0.27   5.9  41.0   19:51    SW
16  60.0  75.3   15:22  48.0   06:15   7.4   2.4  0.00   5.7  35.0   14:57   WNW
17  62.9  85.0   15:35  41.1   06:50   8.3   6.2  0.00   6.2  26.0   13:41    SW
18  68.6  88.0   16:12  49.5   07:15   4.2   7.8  0.00   4.4  24.0   00:03     W
19  68.0  81.7   16:03  51.5   07:56   2.5   5.6  0.00   4.7  30.0   05:18     E
20  71.9  89.0   15:17  57.3   07:15   1.2   8.1  0.00   4.7  22.0   09:33     S
21  64.1  70.8   16:36  58.3   08:10   1.4   0.6  0.00   4.6  24.0   12:56   NNE
22  58.4  63.7   00:00  56.0   20:00   6.6   0.0  0.01   5.8  21.0   04:30    NE
23  73.2  90.3   15:59  57.1   00:00   1.4   9.7  0.13  11.3  44.0   15:13   SSE
24  63.5  77.1   16:00  53.6   23:33   4.4   2.9  0.00   8.5  29.0   22:17     W
25  56.6  67.3   15:18  41.7   23:53   8.6   0.2  0.00   9.8  40.0   10:39    NW
26  55.5  75.7   15:28  35.6   07:06  12.0   2.5  0.00   5.8  29.0   14:34    NW
27  59.7  83.3   15:51  38.1   07:27  10.4   5.1  0.00   4.9  26.0   16:23    NW
28  55.2  73.9   16:10  37.8   07:53  11.6   1.8  0.00   2.7  17.0   15:34    NE
29  56.2  74.7   16:40  37.8   07:22  10.8   1.9  0.00   5.6  23.0   14:54   SSE
30  59.3  73.2   14:10  43.7   07:54   7.1   1.4  0.00   8.3  29.0   15:52     S
----------------------------------------------------------------------------------
    63.1  91.2    11    35.6    26   167.0 111.5  1.68   7.0  44.0    23     SSW

Max >=  90.0:  2
Max <=  32.0:  0
Min <=  32.0:  0
Min <=   0.0:  0
Max Rain: 0.82 on day 6
Days of Rain: 5 (>= 0.01 in)  4 (>= 0.10 in)  0 (>= 1.00 in)
Heat Base: 65.0  Cool Base: 65.0  Method: Integration