NOAA style reports

NOAA-style Climate Reports


Report for 2016 May
                   Monthly Climatological Summary for May 2016

Name: departure period NCDC 1981-2010   City: Valentine   State: Nebraska
Elevation: 2593 ft  Lat: N 42 52' 30"   Lon: W 100 33' 48"

                  Temperature (F), Rain (in), Wind Speed (mph)

                                      Heat  Cool        Avg
    Mean                              Deg   Deg         Wind                 Dom
Day Temp  High   Time   Low    Time   Days  Days  Rain  Speed High   Time    Dir
----------------------------------------------------------------------------------
 1  45.0  56.6   15:07  34.7   23:59  20.0   0.0  0.06   8.6  26.0   12:06   NNE
 2  46.0  65.2   14:43  28.6   04:51  19.0   0.0  0.29   4.2  21.0   18:32     N
 3  53.4  71.1   17:29  33.8   06:41  12.7   1.1  0.00   5.9  26.0   16:46    NW
 4  57.6  75.2   17:27  37.0   06:49   9.8   2.4  0.00   3.5  15.0   15:00     N
 5  66.5  86.8   16:13  42.2   06:50   6.8   8.3  0.00   7.7  30.0   14:20     S
 6  72.9  88.4   16:15  56.8   07:05   0.8   8.7  0.00  10.1  33.0   22:55    SW
 7  59.0  68.6   14:19  52.0   07:11   6.3   0.3  0.00  10.1  29.0   01:54   ENE
 8  56.4  70.8   17:43  46.4   05:03   9.2   0.6  0.49   6.9  33.0   21:55   ESE
 9  56.0  68.1   16:23  49.2   23:51   9.1   0.1  0.43   4.6  22.0   18:45   SSE
10  55.9  67.9   13:08  42.5   05:24   9.2   0.1  0.01   5.1  30.0   14:53   WNW
11  51.1  60.7   12:34  40.1   06:51  14.0   0.0  0.00   8.0  27.0   09:09   WNW
12  53.4  69.8   16:47  34.9   06:27  12.2   0.6  0.00   5.8  33.0   14:02    NW
13  45.6  54.2   16:01  32.0   23:47  19.4   0.0  0.00  12.2  37.0   15:55     N
14  43.2  58.2   17:41  28.3   06:48  21.8   0.0  0.00   5.9  20.0   10:26   NNW
15  46.3  59.3   11:12  29.7   04:10  18.7   0.0  0.00   5.4  22.0   14:03     S
16  47.8  55.7   16:43  40.3   23:59  17.2   0.0  0.33   2.8  15.0   15:38   SSE
17  52.4  67.3   16:26  36.5   02:42  12.7   0.1  0.00   3.8  15.0   13:36    NE
18  54.8  72.4   16:53  33.3   06:13  11.7   1.5  0.00   5.1  23.0   17:40   SSW
19  60.4  73.4   16:02  49.2   03:05   6.3   1.7  0.00  14.7  36.0   13:36     S
20  58.1  67.6   16:38  49.6   03:58   7.0   0.1  0.00  14.6  29.0   15:43     S
21  61.0  67.9   17:09  57.3   01:06   4.1   0.2  0.00  13.3  36.0   16:12   SSE
22  65.1  80.7   14:44  54.7   23:31   2.9   3.1  4.32  12.5  34.0   10:32   SSE
23  64.2  78.6   17:21  49.9   06:20   4.7   3.9  0.00   5.6  21.0   22:13   WSW
24  65.6  82.6   16:54  44.5   05:36   5.6   6.2  0.47   5.4  40.0   23:34     S
25  63.2  79.8   15:44  52.3   23:56   4.5   2.8  0.20   6.8  33.0   00:08   WNW
26  62.3  79.0   17:50  47.0   06:12   6.5   3.7  0.38   5.8  25.0   22:02   SSE
27  59.1  69.6   16:48  53.8   04:33   6.4   0.5  0.36   8.0  21.0   01:49    NE
28  62.0  75.3   16:25  51.1   05:53   5.4   2.4  0.14   5.0  32.0   21:48   NNW
29  65.2  79.8   17:08  47.0   06:17   5.0   5.2  0.02   4.3  16.0   15:00    SE
30  65.7  83.0   14:49  55.3   06:31   3.2   3.9  0.37   7.5  31.0   17:41     S
31  59.9  73.7   15:47  46.2   06:30   7.0   2.0  0.00   7.2  33.0   16:23   WNW
----------------------------------------------------------------------------------
    57.3  88.4     6    28.3    14   299.2  59.5  7.87   7.3  40.0    24     SSW

Max >=  90.0:  0
Max <=  32.0:  0
Min <=  32.0:  4
Min <=   0.0:  0
Max Rain: 4.32 on day 22
Days of Rain: 14 (>= 0.01 in)  11 (>= 0.10 in)  1 (>= 1.00 in)
Heat Base: 65.0  Cool Base: 65.0  Method: Integration