NOAA style reports

NOAA-style Climate Reports

Select a Year or Month report

Report for 2016 Apr
                   Monthly Climatological Summary for Apr 2016

Name: departure period NCDC 1981-2010   City: Valentine   State: Nebraska
Elevation: 2593 ft  Lat: N 42 52' 30"   Lon: W 100 33' 48"

                  Temperature (F), Rain (in), Wind Speed (mph)

                                      Heat  Cool        Avg
    Mean                              Deg   Deg         Wind                 Dom
Day Temp  High   Time   Low    Time   Days  Days  Rain  Speed High   Time    Dir
----------------------------------------------------------------------------------
 1  35.1  45.5   17:45  27.3   07:40  29.8   0.0  0.00  10.1  36.0   11:09    NW
 2  50.4  67.7   16:47  31.9   00:56  14.6   0.1  0.00   6.9  22.0   15:53     W
 3  56.5  75.4   13:42  41.1   23:44  10.7   2.2  0.00   9.8  40.0   16:39    NW
 4  49.1  66.6   17:50  31.7   04:44  15.9   0.1  0.00   7.7  25.0   18:24    SE
 5  54.4  63.7   17:02  44.5   23:49  10.6   0.0  0.00  12.5  41.0   22:44     W
 6  49.1  63.7   15:51  36.6   07:23  15.9   0.0  0.00  15.2  40.0   01:03    NW
 7  49.1  57.3   17:04  35.2   23:59  15.9   0.0  0.00  15.8  49.0   15:20   NNW
 8  40.4  55.0   14:32  24.8   04:05  24.6   0.0  0.00   6.1  22.0   10:48   NNE
 9  49.3  72.0   17:48  29.6   06:47  16.6   1.0  0.00  14.4  39.0   11:15     S
10  50.6  59.7   00:32  37.0   23:58  14.3   0.0  0.00   9.4  27.0   18:13     N
11  38.0  55.1   17:22  18.6   07:02  27.0   0.0  0.00   4.3  14.0   19:32     E
12  56.5  80.0   16:50  36.2   02:53  11.5   3.1  0.00   8.5  33.0   09:52   SSW
13  62.8  81.4   17:08  42.9   07:41   6.6   4.4  0.00   5.4  23.0   18:58   SSE
14  65.1  77.1   15:43  50.0   06:04   3.6   3.7  0.01  14.3  38.0   16:18     S
15  57.1  62.0   16:28  48.4   23:47   7.9   0.0  0.33  11.3  34.0   00:03     S
16  41.4  48.5   00:00  35.9   23:56  23.6   0.0  0.62  12.9  32.0   08:19     N
17  36.1  40.7   14:59  33.1   06:48  28.9   0.0  0.68   9.6  31.0   00:15     N
18  38.8  45.3   16:25  33.9   23:49  26.2   0.0  0.12   6.6  24.0   16:27    NW
19  46.0  59.5   14:57  30.0   03:33  19.0   0.0  0.00   4.4  17.0   13:03   SSW
20  49.2  57.6   16:50  41.6   05:58  15.8   0.0  0.04   2.0  17.0   16:58   ENE
21  53.7  68.5   12:53  40.6   03:07  11.7   0.4  0.00   8.8  27.0   13:01   NNW
22  55.5  76.5   16:52  30.8   06:46  12.4   2.9  0.00   8.8  31.0   16:42     S
23  66.5  83.2   16:22  51.7   06:21   4.0   5.4  0.00  13.5  32.0   18:20     S
24  61.7  75.3   14:47  46.6   23:52   5.3   2.0  0.00  10.8  31.0   01:20   WSW
25  49.9  63.1   16:27  40.8   23:59  15.1   0.0  0.00   9.6  30.0   00:41    NW
26  39.9  43.4   23:50  35.8   08:10  25.1   0.0  0.17   6.8  34.0   08:06    NE
27  36.7  43.6   02:35  32.8   10:49  28.3   0.0  1.36  10.9  34.0   09:32   NNW
28  37.5  43.1   16:08  33.0   03:39  27.5   0.0  0.00   7.5  22.0   08:50   NNW
29  39.9  43.1   11:33  38.4   00:39  25.1   0.0  0.00   6.0  20.0   10:40    NE
30  39.0  40.5   13:10  37.3   18:31  26.0   0.0  1.61  14.6  36.0   13:29    NE
----------------------------------------------------------------------------------
    48.5  83.2    23    18.6    11   519.5  25.3  4.94   9.5  49.0     7      NW

Max >=  90.0:  0
Max <=  32.0:  0
Min <=  32.0:  8
Min <=   0.0:  0
Max Rain: 1.61 on day 30
Days of Rain: 9 (>= 0.01 in)  7 (>= 0.10 in)  2 (>= 1.00 in)
Heat Base: 65.0  Cool Base: 65.0  Method: Integration