NOAA style reports

NOAA-style Climate Reports


Report for 2016 Mar
                   Monthly Climatological Summary for Mar 2016

Name: departure period NCDC 1981-2010   City: Valentine   State: Nebraska
Elevation: 2588 ft  Lat: N 42 52' 30"   Lon: W 100 33' 48"

                  Temperature (F), Rain (in), Wind Speed (mph)

                                      Heat  Cool        Avg
    Mean                              Deg   Deg         Wind                 Dom
Day Temp  High   Time   Low    Time   Days  Days  Rain  Speed High   Time    Dir
----------------------------------------------------------------------------------
 1  30.3  47.4   15:44  16.7   00:00  34.5   0.0  0.00   6.4  28.0   03:52   NNW
 2  41.3  61.1   16:27  28.7   06:34  23.7   0.0  0.01   4.2  40.0   19:43   ESE
 3  39.3  54.9   15:15  31.2   02:20  25.7   0.0  0.00   6.4  23.0   05:47     N
 4  44.6  61.3   15:21  29.4   23:52  20.4   0.0  0.00   8.0  35.0   08:37   NNW
 5  48.4  71.3   14:03  20.7   07:02  17.7   1.1  0.00   9.9  37.0   14:18   SSW
 6  57.2  78.6   14:49  36.0   07:10  11.1   3.3  0.00   6.7  30.0   01:02   WSW
 7  54.5  75.6   14:26  36.6   03:57  11.8   1.4  0.00   7.0  31.0   23:54     N
 8  39.1  46.2   00:00  22.5   23:56  25.9   0.0  0.00   8.5  36.0   05:29    NW
 9  37.3  61.8   16:06  17.0   07:05  27.7   0.0  0.00   2.8  13.0   14:35   ENE
10  47.1  64.8   15:42  28.0   07:07  17.9   0.0  0.00   5.1  22.0   14:20     S
11  59.3  80.6   14:40  37.9   05:52   9.7   4.0  0.00   7.2  26.0   16:54    SW
12  56.1  69.6   15:13  39.9   07:16   9.5   0.6  0.00  11.5  30.0   13:26     S
13  57.5  71.4   16:54  40.8   23:49   8.2   1.0  0.00   8.2  31.0   13:45    NW
14  50.9  71.7   15:53  32.9   04:25  14.9   0.8  0.00   7.5  39.0   17:35   WSW
15  41.0  54.3   13:53  27.9   08:12  24.0   0.0  0.00   8.9  38.0   14:48    NW
16  36.5  54.8   14:47  23.0   06:05  28.4   0.0  0.00   7.5  35.0   18:16   WNW
17  34.1  50.9   16:05  18.8   07:17  30.9   0.0  0.00   8.9  32.0   17:09    NW
18  26.7  38.9   16:11  13.5   06:54  38.3   0.0  0.00   7.8  32.0   13:17    NW
19  27.2  36.0   15:09  20.5   08:01  37.8   0.0  0.00   9.8  30.0   11:14   NNW
20  32.9  57.9   17:13   8.1   07:30  32.1   0.0  0.00   5.6  22.0   12:35   SSW
21  52.2  77.9   17:46  27.0   07:39  15.0   2.6  0.00   4.3  19.0   00:14   WSW
22  48.9  59.0   12:22  35.3   07:07  16.1   0.0  0.00   8.0  33.0   23:31    NE
23  33.0  43.7   00:00  25.8   23:57  32.0   0.0  0.51  15.9  40.0   15:43   NNE
24  30.7  45.0   18:10  14.2   07:13  34.3   0.0  0.00   6.5  17.0   01:16    SW
25  42.0  53.0   14:08  31.9   23:59  22.5   0.0  0.02   5.1  22.0   22:04    NW
26  26.0  32.0   00:00  18.2   23:34  37.8   0.0  0.01  10.3  30.0   05:57   NNW
27  36.4  61.8   16:29  12.4   07:14  28.5   0.0  0.00   3.8  14.0   16:33   WNW
28  48.7  71.3   15:17  24.0   07:16  17.2   0.9  0.00   6.3  26.0   15:18     S
29  52.4  61.4   13:16  43.8   06:21  12.6   0.0  0.02  11.2  33.0   10:22   SSE
30  41.8  51.5   00:10  35.3   23:59  23.2   0.0  0.37   8.7  30.0   14:04   NNE
31  36.3  42.2   14:28  29.2   23:37  28.7   0.0  0.07  12.6  46.0   18:27    NW
----------------------------------------------------------------------------------
    42.2  80.6    11     8.1    20   718.1  15.7  1.01   7.8  46.0    31      NW

Max >=  90.0:  0
Max <=  32.0:  1
Min <=  32.0: 22
Min <=   0.0:  0
Max Rain: 0.51 on day 23
Days of Rain: 7 (>= 0.01 in)  2 (>= 0.10 in)  0 (>= 1.00 in)
Heat Base: 65.0  Cool Base: 65.0  Method: Integration