NOAA style reports

NOAA-style Climate Reports

Select a Year or Month report

Report for 2016 Feb
                   Monthly Climatological Summary for Feb 2016

Name: departure period NCDC 1981-2010   City: Valentine   State: Nebraska
Elevation: 2588 ft  Lat: N 42 52' 30"   Lon: W 100 33' 48"

                  Temperature (F), Rain (in), Wind Speed (mph)

                                      Heat  Cool        Avg
    Mean                              Deg   Deg         Wind                 Dom
Day Temp  High   Time   Low    Time   Days  Days  Rain  Speed High   Time    Dir
----------------------------------------------------------------------------------
 1  28.7  40.2   13:08  16.3   04:04  36.3   0.0  0.00   4.1  16.0   12:42     E
 2  25.3  30.3   00:00  22.3   21:32  39.7   0.0  0.09  11.5  30.0   13:08   NNE
 3  22.1  33.4   15:57  10.5   08:21  42.9   0.0  0.00   6.5  20.0   03:32   WNW
 4  22.2  33.3   16:09  10.8   07:17  42.5   0.0  0.00   4.2  14.0   09:34     W
 5  28.3  35.9   11:48  19.3   23:24  35.4   0.0  0.00   5.6  28.0   14:33   WNW
 6  32.2  44.7   15:31  18.0   01:35  32.8   0.0  0.00   7.5  28.0   13:28     W
 7  35.0  39.2   11:00  29.3   23:59  30.0   0.0  0.00  14.6  50.0   12:22    NW
 8  28.9  35.7   16:02  22.6   07:26  36.1   0.0  0.00  11.6  37.0   09:38    NW
 9  29.6  38.9   16:56  21.9   08:45  35.4   0.0  0.00   5.8  24.0   01:01   NNW
10  37.9  55.0   15:05  27.4   23:59  27.1   0.0  0.00   7.8  25.0   11:17    NW
11  33.4  52.1   14:49  26.0   00:47  31.6   0.0  0.00   6.6  28.0   15:13     N
12  25.5  30.5   01:36  21.6   22:34  39.5   0.0  0.00   7.0  21.0   06:33    NE
13  25.6  35.5   22:24  21.3   03:15  39.4   0.0  0.00  14.2  34.0   15:14     S
14  36.6  47.4   14:39  27.2   08:00  28.4   0.0  0.04   7.1  23.0   02:44   WNW
15  36.3  48.2   15:10  25.4   05:04  28.6   0.0  0.01   6.3  27.0   23:48     W
16  37.7  45.9   14:17  30.8   08:03  27.1   0.0  0.01   7.2  37.0   01:03   WNW
17  42.8  60.4   15:08  27.5   05:28  22.2   0.0  0.00   6.6  25.0   16:31   SSW
18  54.1  77.5   15:03  37.5   07:30  12.7   1.8  0.00   7.2  41.0   23:49    SW
19  51.6  66.1   14:13  35.4   04:28  13.4   0.0  0.01  15.6  58.0   01:51   WNW
20  42.1  58.3   15:14  25.3   07:35  22.8   0.0  0.02   4.8  24.0   21:27    NE
21  33.0  40.2   09:42  21.4   23:59  32.0   0.0  0.00   6.0  23.0   12:23    NW
22  33.4  49.9   14:57  20.8   00:54  31.5   0.0  0.00   3.4  16.0   15:13    NW
23  33.9  45.6   15:06  24.5   06:16  31.1   0.0  0.00   8.7  32.0   14:10    NW
24  30.1  43.1   10:44  18.4   07:37  34.9   0.0  0.00  10.5  49.0   12:25   NNW
25  30.3  42.2   15:17  22.3   07:50  34.7   0.0  0.00   6.5  24.0   00:13   NNW
26  38.6  58.1   15:23  24.7   03:20  26.4   0.0  0.00   5.6  23.0   11:39   WNW
27  51.1  76.6   14:34  29.6   07:13  15.8   1.9  0.00   7.1  24.0   15:10     W
28  45.1  54.6   15:13  33.4   21:11  19.9   0.0  0.00  11.3  38.0   14:03    NW
29  30.0  43.0   03:03  16.1   22:13  35.0   0.0  0.00   7.1  25.0   09:24    NE
----------------------------------------------------------------------------------
    34.5  77.5    18    10.5     3   885.2   3.7  0.18   7.9  58.0    19      NW

Max >=  90.0:  0
Max <=  32.0:  2
Min <=  32.0: 26
Min <=   0.0:  0
Max Rain: 0.09 on day 2
Days of Rain: 6 (>= 0.01 in)  0 (>= 0.10 in)  0 (>= 1.00 in)
Heat Base: 65.0  Cool Base: 65.0  Method: Integration