NOAA style reports

NOAA-style Climate Reports

Select a Year or Month report

Report for 2016 Jan
                   Monthly Climatological Summary for Jan 2016

Name: departure period NCDC 1981-2010   City: Valentine   State: Nebraska
Elevation: 2588 ft  Lat: N 42 52' 30"   Lon: W 100 33' 48"

                  Temperature (F), Rain (in), Wind Speed (mph)

                                      Heat  Cool        Avg
    Mean                              Deg   Deg         Wind                 Dom
Day Temp  High   Time   Low    Time   Days  Days  Rain  Speed High   Time    Dir
----------------------------------------------------------------------------------
 1  20.6  34.7   14:40  12.0   05:13  44.4   0.0  0.00   8.0  20.0   09:33     W
 2  20.9  36.2   12:53   8.3   08:16  44.1   0.0  0.00   5.8  20.0   13:26     W
 3  17.1  32.8   14:58   7.7   07:32  47.9   0.0  0.00   2.8  11.0   03:11   WNW
 4  24.0  39.6   14:46   7.0   01:39  40.9   0.0  0.00   8.2  33.0   22:40     S
 5  28.0  36.7   16:19  21.6   23:57  36.9   0.0  0.00   6.8  30.0   01:37   SSW
 6  19.3  25.3   11:25  12.1   23:03  45.7   0.0  0.00   2.6  11.0   11:43    NW
 7  17.4  21.3   17:05  12.8   00:00  47.6   0.0  0.00   3.5  14.0   20:50   NNW
 8  20.0  22.3   15:47  15.5   23:52  45.0   0.0  0.02   9.9  27.0   08:08   NNW
 9   7.2  15.5   00:00  -1.3   18:58  57.8   0.0  0.00   5.6  19.0   16:23     N
10   9.2  29.5   14:32  -9.6   06:37  55.8   0.0  0.00   4.1  17.0   15:00     W
11  29.5  35.8   14:24  22.1   00:00  35.5   0.0  0.04   9.2  26.0   13:13   WNW
12  23.9  34.4   15:05  15.1   07:24  41.1   0.0  0.02   4.7  20.0   00:27   WNW
13  31.4  44.1   14:10  20.1   07:58  33.6   0.0  0.00   5.9  15.0   14:49     W
14  33.9  43.0   13:58  25.4   23:59  31.1   0.0  0.00  10.5  39.0   20:57   WNW
15  24.7  30.4   14:33  22.0   08:21  40.3   0.0  0.00   4.7  28.0   00:14   NNW
16  11.3  23.6   06:57  -2.0   23:46  53.7   0.0  0.03   6.4  38.0   06:57   NNW
17  -0.3   9.1   13:52  -9.7   23:42  65.3   0.0  0.00   4.0  20.0   12:27   WNW
18  10.4  29.6   15:51 -12.9   03:07  54.6   0.0  0.02   4.0  16.0   18:16    SE
19  22.0  28.4   15:48   9.2   23:58  43.0   0.0  0.06   2.7  14.0   12:09    NW
20  24.0  36.9   13:47   9.0   00:32  41.0   0.0  0.01   4.1  19.0   18:08   WSW
21  21.7  23.9   14:22  20.2   09:40  43.3   0.0  0.08   6.4  24.0   04:07   NNW
22  25.0  32.1   16:36  18.7   06:43  40.0   0.0  0.00   5.3  20.0   14:41     S
23  33.3  46.1   14:29  24.1   06:31  31.7   0.0  0.00   5.1  19.0   01:02   WSW
24  30.0  39.3   13:49  22.4   07:58  34.8   0.0  0.00   3.7  20.0   20:23   NNE
25  25.9  28.3   10:12  19.7   21:58  39.1   0.0  0.31  10.0  33.0   12:22   NNW
26  19.8  34.4   15:57   7.9   08:31  45.2   0.0  0.00   4.5  13.0   11:23     W
27  30.7  44.8   14:56  14.3   02:10  34.3   0.0  0.00   6.9  22.0   14:40     W
28  35.1  46.2   15:37  24.9   08:02  29.9   0.0  0.00   4.7  17.0   05:32     W
29  36.5  46.4   14:08  28.8   01:07  28.5   0.0  0.00   5.2  25.0   11:54   WNW
30  36.9  42.3   10:11  32.1   00:07  28.1   0.0  0.00   5.7  23.0   13:59     W
31  30.2  41.5   14:09  21.7   06:50  34.8   0.0  0.00   6.4  27.0   13:15   WNW
----------------------------------------------------------------------------------
    23.2  46.4    29   -12.9    18  1295.0   0.0  0.59   5.7  39.0    14     WNW

Max >=  90.0:  0
Max <=  32.0: 12
Min <=  32.0: 30
Min <=   0.0:  5
Max Rain: 0.31 on day 25
Days of Rain: 9 (>= 0.01 in)  1 (>= 0.10 in)  0 (>= 1.00 in)
Heat Base: 65.0  Cool Base: 65.0  Method: Integration