NOAA style reports

NOAA-style Climate Reports

Select a Year or Month report

Report for 2015 Dec
                   Monthly Climatological Summary for Dec 2015

Name: departure period NCDC 1981-2010   City: Valentine   State: Nebraska
Elevation: 2588 ft  Lat: N 42 52' 30"   Lon: W 100 33' 48"

                  Temperature (F), Rain (in), Wind Speed (mph)

                                      Heat  Cool        Avg
    Mean                              Deg   Deg         Wind                 Dom
Day Temp  High   Time   Low    Time   Days  Days  Rain  Speed High   Time    Dir
----------------------------------------------------------------------------------
 1  25.7  30.7   23:35  21.6   00:44  39.3   0.0  0.19   9.2  27.0   12:15    NW
 2  26.6  39.2   14:48  13.2   23:47  38.4   0.0  0.00   6.5  23.0   00:27   WNW
 3  19.8  38.1   15:08   7.0   07:29  45.2   0.0  0.00   3.2   9.0   10:25   WSW
 4  35.3  44.4   12:48  17.6   00:23  29.7   0.0  0.00   9.2  28.0   13:20   SSW
 5  35.4  41.6   14:51  26.6   23:51  29.6   0.0  0.00   4.6  22.0   14:00   WNW
 6  33.9  51.1   15:07  17.9   07:41  31.1   0.0  0.00   5.1  20.0   20:36    SW
 7  40.3  53.5   13:09  31.4   00:08  24.7   0.0  0.00   5.6  20.0   01:15     W
 8  43.4  57.5   13:19  31.0   23:24  21.6   0.0  0.00   6.3  28.0   13:22   WNW
 9  46.4  63.2   13:34  30.4   02:48  18.6   0.0  0.00   6.5  27.0   12:47   WSW
10  44.4  54.3   14:00  35.3   08:22  20.6   0.0  0.00   8.1  37.0   02:40   WNW
11  31.7  39.0   00:28  24.7   08:18  33.3   0.0  0.00   5.2  23.0   12:01     N
12  29.7  31.4   14:29  28.3   23:56  35.3   0.0  0.40   3.4  14.0   12:04    NE
13  27.2  32.1   13:57  22.0   08:16  37.7   0.0  0.00   3.8  13.0   00:54   NNW
14  25.9  28.3   23:26  24.3   04:03  39.1   0.0  0.00   6.2  19.0   03:13     N
15  23.4  27.6   00:00  17.7   23:35  41.6   0.0  0.40  11.1  31.0   22:34   NNE
16  22.8  26.3   12:13  16.8   01:28  41.3   0.0  0.00  10.3  34.0   07:20    NW
17  16.3  25.4   14:43   6.2   23:14  48.7   0.0  0.00   7.0  26.0   14:03   WNW
18   8.7  21.8   13:44  -4.1   07:53  56.3   0.0  0.00   3.4  13.0   00:33     W
19  25.6  44.5   15:28   6.9   03:59  39.4   0.0  0.00   2.8  19.0   18:24    SW
20  28.9  33.7   00:00  25.9   23:01  36.1   0.0  0.00   6.0  25.0   17:56    NW
21  24.1  32.9   13:50  17.0   21:36  40.9   0.0  0.00   3.4  13.0   01:53     W
22  34.3  44.8   13:06  21.2   00:00  30.7   0.0  0.00   7.5  33.0   04:54    SW
23  26.0  35.9   13:34  16.6   21:19  39.0   0.0  0.00   3.8  16.0   14:54    NW
24  23.0  35.3   14:04  14.0   08:47  42.0   0.0  0.00   3.5  14.0   11:19   WSW
25  23.6  34.4   15:56   9.4   08:12  41.4   0.0  0.08   4.8  21.0   17:41   ESE
26  17.5  28.3   00:00   4.5   23:46  47.5   0.0  0.11  11.4  34.0   09:56     N
27   9.0  22.5   15:05  -0.2   08:33  56.0   0.0  0.00   3.0  13.0   03:30   WSW
28  12.8  22.8   14:19   2.4   03:52  52.2   0.0  0.00   2.0   9.0   20:14   ENE
29  15.2  21.1   11:05   3.7   23:59  49.8   0.0  0.00   2.7  12.0   12:10     W
30   6.8  21.2   15:40  -1.0   08:25  58.2   0.0  0.00   2.8   9.0   12:54   WSW
31  14.2  27.4   13:33  -2.2   01:40  50.7   0.0  0.00   7.1  28.0   14:43   WNW
----------------------------------------------------------------------------------
    25.7  63.2     9    -4.1    18  1216.0   0.0  1.18   5.7  37.0    10     WNW

Max >=  90.0:  0
Max <=  32.0: 13
Min <=  32.0: 30
Min <=   0.0:  4
Max Rain: 0.40 on day 12
Days of Rain: 5 (>= 0.01 in)  4 (>= 0.10 in)  0 (>= 1.00 in)
Heat Base: 65.0  Cool Base: 65.0  Method: Integration