NOAA style reports

NOAA-style Climate Reports

Select a Year or Month report

Report for 2015 Nov
                   Monthly Climatological Summary for Nov 2015

Name: departure period NCDC 1981-2010   City: Valentine   State: Nebraska
Elevation: 2588 ft  Lat: N 42 52' 30"   Lon: W 100 33' 48"

                  Temperature (F), Rain (in), Wind Speed (mph)

                                      Heat  Cool        Avg
    Mean                              Deg   Deg         Wind                 Dom
Day Temp  High   Time   Low    Time   Days  Days  Rain  Speed High   Time    Dir
----------------------------------------------------------------------------------
 1  49.9  76.2   12:42  33.8   02:57  17.6   1.9  0.00   3.0  17.0   10:16     W
 2  49.8  68.7   15:52  37.4   03:38  15.5   0.3  0.00   3.5  14.0   12:57   NNW
 3  53.1  76.8   14:33  35.6   07:25  13.5   1.6  0.00   2.9  19.0   23:25     S
 4  44.9  56.4   00:13  39.6   06:42  20.0   0.0  0.36   5.1  20.0   00:07    NW
 5  40.6  47.2   15:39  33.4   23:57  24.4   0.0  0.34   6.2  24.0   11:56    NW
 6  35.3  49.9   13:34  25.7   23:59  29.7   0.0  0.00   3.9  17.0   12:37   WNW
 7  38.2  56.4   14:57  23.3   07:10  26.8   0.0  0.00   5.3  23.0   13:29   WSW
 8  47.6  64.8   14:38  35.2   07:45  17.4   0.0  0.00   8.4  25.0   14:47   SSW
 9  48.3  63.7   14:30  33.5   06:52  16.7   0.0  0.00   7.4  27.0   12:40   SSW
10  46.5  72.6   14:11  30.9   07:17  19.3   0.8  0.00   6.2  25.0   17:44    NW
11  33.8  37.3   14:45  29.3   22:56  31.2   0.0  0.00  12.4  42.0   13:12   NNW
12  36.5  50.8   15:06  23.7   23:45  28.5   0.0  0.00   8.9  33.0   12:32   WNW
13  36.8  60.9   14:17  17.8   05:51  28.2   0.0  0.00   4.3  25.0   12:58   WSW
14  47.7  70.9   15:04  32.1   05:27  18.2   0.8  0.00   4.8  16.0   13:00   WSW
15  45.3  66.0   12:33  28.4   07:51  19.7   0.0  0.00   6.4  25.0   18:26     S
16  49.7  62.0   13:05  36.6   23:59  15.3   0.0  0.25   8.5  46.0   23:36     W
17  33.7  39.3   16:16  27.4   22:55  31.3   0.0  0.08  13.7  44.0   02:13   NNW
18  32.8  51.5   12:38  18.4   05:53  32.2   0.0  0.00  10.1  45.0   15:54   WNW
19  32.0  44.5   13:56  22.5   21:43  33.0   0.0  0.00   8.2  33.0   11:41   WNW
20  27.1  32.4   02:27  21.0   23:59  37.9   0.0  0.42   8.3  28.0   22:48    NE
21  18.7  31.3   13:54   5.1   06:04  46.3   0.0  0.00   5.7  21.0   00:07     W
22  27.9  47.0   14:15   6.2   05:32  37.1   0.0  0.00   6.5  23.0   15:21     W
23  34.1  52.6   14:54  21.3   07:55  30.9   0.0  0.00   3.7  17.0   15:33     E
24  38.2  61.2   14:24  21.9   06:40  26.8   0.0  0.00   3.1  16.0   14:26     S
25  32.2  38.5   01:47  24.7   23:55  32.6   0.0  0.00   9.6  34.0   09:57     N
26  18.6  24.7   00:00  11.4   23:51  46.4   0.0  0.00   9.5  28.0   00:09     N
27  16.6  24.8   15:47  10.8   07:57  48.4   0.0  0.00   1.9  12.0   10:59   NNW
28  24.1  33.0   13:53  10.9   01:18  40.9   0.0  0.03   1.8  14.0   14:13    SW
29  28.2  30.3   14:27  26.2   23:46  36.8   0.0  0.00   2.3  11.0   00:25     S
30  25.1  27.5   13:19  22.3   23:56  39.9   0.0  0.46   4.1  16.0   19:08    NW
----------------------------------------------------------------------------------
    36.4  76.8     3     5.1    21   862.5   5.4  1.94   6.2  46.0    16     WNW

Max >=  90.0:  0
Max <=  32.0:  5
Min <=  32.0: 21
Min <=   0.0:  0
Max Rain: 0.46 on day 30
Days of Rain: 7 (>= 0.01 in)  5 (>= 0.10 in)  0 (>= 1.00 in)
Heat Base: 65.0  Cool Base: 65.0  Method: Integration