NOAA style reports

NOAA-style Climate Reports

Select a Year or Month report

Report for 2015 Aug
                   Monthly Climatological Summary for Aug 2015

Name: departure period NCDC 1981-2010   City: Valentine   State: Nebraska
Elevation: 2588 ft  Lat: N 42 52' 30"   Lon: W 100 33' 48"

                  Temperature (F), Rain (in), Wind Speed (mph)

                                      Heat  Cool        Avg
    Mean                              Deg   Deg         Wind                 Dom
Day Temp  High   Time   Low    Time   Days  Days  Rain  Speed High   Time    Dir
----------------------------------------------------------------------------------
 1  70.4  83.3   17:27  60.4   11:31   0.4   5.8  1.04   8.0  39.0   13:04     S
 2  75.0  88.8   16:17  60.3   06:32   0.6  10.6  0.00   4.8  21.0   11:41   NNE
 3  72.7  83.6   15:21  60.2   04:40   0.8   8.5  0.00   4.1  17.0   19:02   ESE
 4  72.9  84.1   14:07  62.6   07:43   0.1   8.1  0.01   7.0  26.0   12:17   SSE
 5  75.2  90.1   17:15  60.9   06:44   0.6  10.8  0.00   5.2  24.0   18:27   SSE
 6  74.4  85.9   16:23  62.0   23:59   0.1   9.4  0.14   7.2  33.0   11:33    SW
 7  73.1  91.3   15:25  56.3   06:31   2.0  10.1  0.57   5.2  26.0   15:13     S
 8  74.5  84.9   16:39  64.3   06:51   0.0   9.6  0.00   3.3  13.0   02:41    SE
 9  73.2  85.2   15:58  62.6   07:00   0.2   8.4  0.00   4.2  32.0   02:23     N
10  70.5  83.0   17:10  58.1   05:27   1.5   7.0  0.00   2.5  14.0   10:27   ENE
11  74.9  87.1   16:03  62.0   06:53   0.3  10.2  0.00   7.2  22.0   16:24     S
12  80.2  93.9   17:00  66.6   07:07   0.0  15.2  0.00  10.0  26.0   12:49     S
13  77.8  93.2   16:17  66.1   23:53   0.0  12.8  0.03   5.0  19.0   00:00   SSE
14  77.4  93.5   15:39  60.2   06:32   0.8  13.2  0.00   3.4  19.0   16:33   SSE
15  82.5  98.8   17:32  69.7   06:50   0.0  17.5  0.32  12.5  53.0   21:14     S
16  72.5  79.4   00:00  64.7   23:55   0.0   7.5  0.00   7.6  28.0   10:42   NNE
17  64.7  74.5   16:22  59.3   03:08   2.1   1.8  0.00   6.2  22.0   13:32   ENE
18  56.7  62.1   00:00  50.3   23:58   8.3   0.0  0.85   8.0  26.0   03:14     N
19  58.9  73.6   16:00  46.3   05:24   8.0   1.9  0.00   5.7  24.0   12:37    NW
20  65.3  85.5   16:40  46.0   07:03   6.3   6.6  0.00   2.3  16.0   12:35   SSW
21  71.9  90.2   15:02  50.8   07:04   4.1  11.0  0.00   7.6  30.0   17:54     S
22  66.9  73.0   00:00  53.5   23:37   1.5   3.4  0.00  13.7  43.0   13:50   WNW
23  57.8  73.2   18:09  44.1   07:37   8.7   1.5  0.00   5.7  25.0   10:35   WNW
24  60.4  80.3   17:11  39.7   05:47   9.2   4.6  0.00   2.7  15.0   13:13   ENE
25  66.4  84.3   16:34  49.4   06:58   4.7   6.1  0.00   3.9  17.0   14:59   ESE
26  76.8  95.6   14:58  58.7   07:16   1.4  13.1  0.00   4.9  23.0   18:43   SSE
27  72.0  78.9   14:23  65.4   23:58   0.0   7.0  0.00   6.1  27.0   00:41   ENE
28  70.7  80.9   17:33  62.1   23:43   0.1   5.9  0.00   4.2  17.0   07:25     N
29  73.1  92.4   16:50  57.2   05:09   2.2  10.4  0.00   3.8  17.0   22:44     S
30  79.2  95.3   15:23  61.8   07:30   0.2  14.4  0.00  12.0  36.0   13:21     S
31  73.7  86.2   11:36  63.1   23:56   0.1   8.8  0.00   6.9  31.0   01:26    SW
----------------------------------------------------------------------------------
    71.3  98.8    15    39.7    24    64.3 261.2  2.96   6.2  53.0    15       S

Max >=  90.0: 10
Max <=  32.0:  0
Min <=  32.0:  0
Min <=   0.0:  0
Max Rain: 1.04 on day 1
Days of Rain: 7 (>= 0.01 in)  5 (>= 0.10 in)  1 (>= 1.00 in)
Heat Base: 65.0  Cool Base: 65.0  Method: Integration