NOAA style reports

NOAA-style Climate Reports

Select a Year or Month report

Report for 2015 Jul
                   Monthly Climatological Summary for Jul 2015

Name: departure period NCDC 1981-2010   City: Valentine   State: Nebraska
Elevation: 2588 ft  Lat: N 42 52' 30"   Lon: W 100 33' 48"

                  Temperature (F), Rain (in), Wind Speed (mph)

                                      Heat  Cool        Avg
    Mean                              Deg   Deg         Wind                 Dom
Day Temp  High   Time   Low    Time   Days  Days  Rain  Speed High   Time    Dir
----------------------------------------------------------------------------------
 1  72.9  86.4   15:26  58.9   05:42   1.0   8.8  0.00   4.0  21.0   16:26     N
 2  70.7  79.8   15:48  62.6   06:07   0.2   5.9  0.03   5.6  28.0   10:18     N
 3  69.7  83.0   16:43  55.7   06:33   2.3   7.0  0.00   1.7  11.0   10:25   ENE
 4  77.2  91.1   16:12  60.8   04:52   0.3  12.5  0.00   9.1  41.0   21:24     S
 5  80.6  95.1   16:13  64.9   23:54   0.0  15.6  1.51   9.1  42.0   20:20     S
 6  66.1  73.5   14:20  56.8   23:54   1.4   2.5  0.88   7.7  27.0   05:14     N
 7  63.6  75.2   14:47  50.5   06:21   4.4   3.0  0.00   3.5  16.0   15:32   SSE
 8  62.4  69.9   13:35  56.1   05:08   3.0   0.4  0.02   4.5  21.0   13:00    SW
 9  67.3  79.1   17:23  54.5   06:04   3.0   5.3  0.01   3.4  17.0   19:57     S
10  69.1  82.7   15:19  61.5   06:11   0.5   4.6  1.02   6.3  31.0   18:32     S
11  77.8  93.4   16:48  64.2   00:42   0.0  12.8  0.00   5.0  20.0   14:41    SW
12  81.3  93.6   16:49  68.2   06:58   0.0  16.3  0.00   5.5  39.0   21:47   WSW
13  76.1  91.6   17:07  57.8   06:45   1.0  12.2  0.00   2.3  16.0   00:26   WNW
14  76.3  89.3   17:08  60.6   05:37   0.6  11.9  0.00   4.1  20.0   16:56   ENE
15  73.0  78.2   19:01  67.9   06:12   0.0   8.0  0.00   3.3  19.0   12:28    SE
16  74.0  87.2   16:50  61.1   06:09   0.5   9.5  0.00   3.1  20.0   16:11   WNW
17  71.9  86.1   16:51  61.1   06:44   0.8   7.7  0.06   3.4  33.0   19:50   WNW
18  70.2  81.6   16:47  59.2   03:07   1.4   6.6  0.01   4.2  22.0   09:42   NNW
19  71.6  88.0   16:33  54.7   06:39   2.1   8.7  0.14   2.9  28.0   19:55     S
20  71.1  82.0   17:02  59.2   05:57   0.7   6.8  0.01   3.7  19.0   10:03     N
21  69.3  80.9   12:52  57.0   06:29   1.6   5.9  0.00   3.8  23.0   10:49     S
22  74.5  83.8   17:40  66.4   07:22   0.0   9.5  0.00  10.6  32.0   11:57     S
23  81.2  99.2   16:30  66.0   06:11   0.0  16.2  0.00   7.8  31.0   19:13   SSW
24  79.0  90.6   17:19  62.6   07:17   0.1  14.1  0.00   5.1  23.0   00:33   NNE
25  79.0  94.1   18:24  65.0   06:14   0.0  14.0  0.00   4.8  23.0   13:37   SSE
26  76.1  93.8   14:55  60.9   06:29   0.5  11.7  0.00   4.9  32.0   18:07   ESE
27  78.8  91.7   15:48  61.8   05:30   0.2  14.0  0.00   8.6  30.0   18:34   SSE
28  71.4  83.4   16:27  58.5   06:58   0.7   7.1  0.01   7.5  28.0   00:20    NW
29  69.2  86.4   15:55  48.1   06:24   4.6   8.8  0.00   4.2  34.0   15:31   WSW
30  73.9  91.1   15:48  56.2   06:13   1.6  10.5  0.00   2.8  16.0   14:28   NNW
31  76.3  93.5   16:53  57.4   06:30   1.5  12.9  0.00   2.5  17.0   19:43    NE
----------------------------------------------------------------------------------
    73.3  99.2    23    48.1    29    34.0 290.8  3.70   5.0  42.0     5     SSW

Max >=  90.0: 12
Max <=  32.0:  0
Min <=  32.0:  0
Min <=   0.0:  0
Max Rain: 1.51 on day 5
Days of Rain: 11 (>= 0.01 in)  4 (>= 0.10 in)  2 (>= 1.00 in)
Heat Base: 65.0  Cool Base: 65.0  Method: Integration