NOAA style reports

NOAA-style Climate Reports

Select a Year or Month report

Report for 2015 Jun
                   Monthly Climatological Summary for Jun 2015

Name: departure period NCDC 1981-2010   City: Valentine   State: Nebraska
Elevation: 2588 ft  Lat: N 42 52' 30"   Lon: W 100 33' 48"

                  Temperature (F), Rain (in), Wind Speed (mph)

                                      Heat  Cool        Avg
    Mean                              Deg   Deg         Wind                 Dom
Day Temp  High   Time   Low    Time   Days  Days  Rain  Speed High   Time    Dir
----------------------------------------------------------------------------------
 1  67.9  82.9   16:58  53.1   01:28   3.4   6.2  0.00  10.7  29.0   14:56   SSE
 2  73.5  88.9   16:12  59.1   06:49   1.2   9.7  0.66   8.6  52.0   21:34     S
 3  66.2  75.7   17:36  55.6   06:27   1.9   3.0  0.00   7.7  32.0   00:20     N
 4  63.1  71.9   12:57  53.7   09:46   3.2   1.4  0.19   6.1  33.0   09:33   ENE
 5  66.2  73.8   17:42  59.2   05:04   1.2   2.4  0.00   4.0  16.0   12:34     E
 6  70.5  84.7   16:23  62.0   23:45   0.4   5.8  0.27   5.9  31.0   17:55     S
 7  64.4  76.2   17:07  58.4   02:14   2.7   2.0  0.12   3.3  17.0   15:49     W
 8  71.1  86.3   17:15  53.7   05:57   2.9   9.0  0.00   4.4  21.0   11:37     W
 9  77.7  95.0   17:05  57.7   06:10   1.0  13.7  0.00   2.8  18.0   13:04     W
10  69.9  81.3   12:41  62.0   05:57   0.3   5.1  0.00   8.9  35.0   17:02   ENE
11  60.1  64.2   00:00  57.0   23:58   4.9   0.0  0.12   6.5  22.0   08:42    NE
12  63.6  75.7   17:21  49.8   05:44   4.6   3.2  0.00   3.4  16.0   18:09   SSE
13  71.0  85.6   16:20  52.8   06:11   2.7   8.6  0.00   6.2  23.0   12:55     S
14  69.5  78.8   14:33  60.2   08:31   0.3   4.8  0.00   7.4  32.0   08:12   NNE
15  68.0  77.6   16:10  57.4   06:39   1.3   4.3  0.00   6.0  23.0   10:33    NE
16  64.7  79.1   18:15  57.5   09:05   2.8   2.6  0.48   7.9  27.0   09:18   SSE
17  68.0  78.8   17:31  56.0   05:56   2.0   5.0  0.00   4.6  22.0   00:45   NNE
18  65.6  73.4   16:48  58.2   05:17   1.6   2.2  0.51   4.8  39.0   04:34   ESE
19  69.4  82.8   18:25  58.8   03:23   1.5   5.8  0.00  10.0  29.0   15:11     S
20  72.0  83.2   16:06  58.1   06:29   1.1   8.2  0.00   5.8  62.0   01:34   NNE
21  73.3  85.2   17:30  62.3   07:34   0.3   8.6  0.54   7.8  24.0   10:58   SSE
22  70.6  77.6   15:46  57.9   23:59   0.5   6.1  0.00   8.8  33.0   09:30   NNW
23  67.1  79.2   17:23  55.1   01:43   2.8   4.9  0.00   4.8  21.0   20:15   SSE
24  68.5  82.4   15:34  57.2   03:51   2.3   5.8  0.27   4.5  25.0   08:39    NE
25  66.4  77.1   13:19  61.1   23:24   1.0   2.5  0.26   1.9  19.0   10:36    SE
26  68.1  79.2   16:12  58.5   06:32   1.7   4.8  0.37   3.3  17.0   13:51     N
27  71.3  87.3   17:36  53.3   06:04   2.9   9.3  0.00   2.3  12.0   13:27   WSW
28  71.9  83.3   15:33  58.5   05:27   1.2   8.0  0.00   4.6  20.0   13:14   NNW
29  73.1  89.0   16:32  55.3   05:51   2.4  10.5  0.00   2.7  14.0   12:58   NNW
30  73.6  84.3   17:36  63.4   05:18   0.1   8.7  0.00   4.7  17.0   08:37   ESE
----------------------------------------------------------------------------------
    68.9  95.0     9    49.8    12    56.2 172.2  3.79   5.7  62.0    20     ESE

Max >=  90.0:  1
Max <=  32.0:  0
Min <=  32.0:  0
Min <=   0.0:  0
Max Rain: 0.66 on day 2
Days of Rain: 11 (>= 0.01 in)  11 (>= 0.10 in)  0 (>= 1.00 in)
Heat Base: 65.0  Cool Base: 65.0  Method: Integration