NOAA style reports

NOAA-style Climate Reports


Report for 2015 Apr
                   Monthly Climatological Summary for Apr 2015

Name: departure period NCDC 1981-2010   City: Valentine   State: Nebraska
Elevation: 2588 ft  Lat: N 42 52' 30"   Lon: W 100 33' 48"

                  Temperature (F), Rain (in), Wind Speed (mph)

                                      Heat  Cool        Avg
    Mean                              Deg   Deg         Wind                 Dom
Day Temp  High   Time   Low    Time   Days  Days  Rain  Speed High   Time    Dir
----------------------------------------------------------------------------------
 1  59.9  70.2   10:48  47.8   23:59   5.4   0.3  0.00  13.6  32.0   15:23   WNW
 2  42.0  55.5   13:09  25.0   07:40  23.0   0.0  0.00   8.7  27.0   14:41    NW
 3  36.6  55.0   17:10  17.4   07:42  28.4   0.0  0.00   6.4  24.0   03:26   WNW
 4  45.1  69.2   15:29  18.4   05:27  20.3   0.4  0.00   6.4  34.0   10:56   WSW
 5  51.4  70.2   14:27  26.1   06:43  14.6   1.0  0.00   4.6  17.0   13:05    NE
 6  36.8  45.6   01:11  30.6   07:56  28.2   0.0  0.00   8.6  23.0   03:12    NE
 7  39.0  50.1   16:07  33.8   06:42  26.0   0.0  0.01   5.4  18.0   05:54    NE
 8  38.6  41.4   16:29  37.3   22:58  26.4   0.0  0.08   5.6  17.0   05:52     E
 9  39.0  53.1   18:14  32.3   07:05  26.0   0.0  0.51  12.7  39.0   14:28   NNW
10  49.5  67.3   17:33  29.8   07:08  15.7   0.2  0.00   5.4  20.0   17:12   WSW
11  60.3  76.4   14:56  45.0   07:53   7.3   2.7  0.00  14.5  37.0   14:57     S
12  54.4  64.2   13:30  34.9   23:58  10.6   0.0  0.00  11.9  34.0   00:00     W
13  49.5  69.9   17:01  27.7   05:31  16.1   0.6  0.00   4.9  23.0   14:14   WSW
14  60.0  73.4   15:37  48.0   01:05   7.0   2.0  0.00  17.4  47.0   16:16   SSE
15  56.7  69.3   16:10  44.1   06:53   8.8   0.4  0.00  14.3  37.0   11:52    SE
16  55.1  64.1   14:52  44.9   05:16   9.9   0.0  0.00   5.7  21.0   11:46   NNW
17  52.5  56.4   12:44  48.9   07:12  12.5   0.0  0.36   7.0  21.0   01:20   NNE
18  53.7  66.7   16:54  47.7   07:49  11.4   0.0  0.74   6.6  23.0   19:09   NNE
19  46.2  52.8   17:06  34.5   23:49  18.8   0.0  0.01  16.4  44.0   10:16    NW
20  41.7  54.0   14:47  27.3   07:09  23.3   0.0  0.00   9.8  35.0   13:36   WNW
21  43.1  60.7   11:57  28.2   05:14  21.9   0.0  0.00   7.9  31.0   17:35    NW
22  42.7  62.4   16:55  21.2   06:11  22.3   0.0  0.00   5.3  25.0   15:13    SE
23  53.0  70.4   16:45  35.9   06:32  12.5   0.6  0.00  12.6  35.0   16:48    SE
24  61.2  76.7   16:28  45.3   06:15   6.7   2.9  0.02   6.7  36.0   22:37   WSW
25  54.0  61.8   18:17  46.8   07:37  11.0   0.0  0.01   6.8  31.0   00:06     E
26  49.8  59.3   16:13  38.7   23:59  15.2   0.0  0.00   7.3  23.0   02:33   ESE
27  49.9  68.7   16:03  30.1   06:23  15.4   0.3  0.00   6.4  30.0   19:17   NNW
28  49.9  64.5   16:24  37.2   03:42  15.1   0.0  0.00   4.8  24.0   14:49    NW
29  53.4  71.6   17:08  31.0   06:20  13.0   1.4  0.00   5.3  21.0   11:06   ESE
30  62.6  81.9   17:09  41.9   05:35   7.2   4.8  0.00  10.1  36.0   20:51   SSE
----------------------------------------------------------------------------------
    49.6  81.9    30    17.4     3   480.0  17.6  1.74   8.6  47.0    14     WNW

Max >=  90.0:  0
Max <=  32.0:  0
Min <=  32.0: 12
Min <=   0.0:  0
Max Rain: 0.74 on day 18
Days of Rain: 8 (>= 0.01 in)  3 (>= 0.10 in)  0 (>= 1.00 in)
Heat Base: 65.0  Cool Base: 65.0  Method: Integration