NOAA style reports

NOAA-style Climate Reports


Report for 2015 Mar
                   Monthly Climatological Summary for Mar 2015

Name: departure period NCDC 1981-2010   City: Valentine   State: Nebraska
Elevation: 2588 ft  Lat: N 42 52' 30"   Lon: W 100 33' 48"

                  Temperature (F), Rain (in), Wind Speed (mph)

                                      Heat  Cool        Avg
    Mean                              Deg   Deg         Wind                 Dom
Day Temp  High   Time   Low    Time   Days  Days  Rain  Speed High   Time    Dir
----------------------------------------------------------------------------------
 1  23.1  37.0   13:21  13.2   23:45  41.9   0.0  0.00   5.2  30.0   15:03    NW
 2  28.7  41.1   14:09  12.0   03:51  36.3   0.0  0.01  13.3  44.0   11:31     S
 3  19.7  30.8   00:00  10.3   23:51  45.3   0.0  0.02  12.6  53.0   06:19   NNW
 4   9.6  21.6   14:18  -0.4   23:51  55.4   0.0  0.00   6.9  30.0   13:58    NW
 5  21.1  46.5   14:51  -1.9   04:56  43.9   0.0  0.00   3.9  21.0   14:34     W
 6  38.4  59.3   13:08  20.8   01:43  26.6   0.0  0.00   6.0  23.0   14:19   WNW
 7  42.4  59.9   15:58  28.0   06:27  22.6   0.0  0.00   5.3  18.0   23:15   WNW
 8  40.1  56.9   16:22  23.2   08:23  23.9   0.0  0.00   5.0  24.0   05:22   NNW
 9  45.9  67.2   16:37  28.7   07:52  19.2   0.1  0.00   4.7  25.0   10:55   WSW
10  44.9  68.6   14:53  23.1   07:46  20.6   0.5  0.00   5.7  22.0   11:46   NNW
11  52.5  75.4   15:52  27.4   08:07  14.9   2.4  0.00   8.6  39.0   14:21   SSW
12  58.5  74.2   13:50  43.3   08:15   8.7   2.1  0.00   9.3  35.0   03:06    SW
13  52.4  66.9   14:35  34.6   23:59  12.7   0.2  0.00   8.8  35.0   14:41   NNW
14  47.5  69.1   17:20  22.4   07:36  17.9   0.4  0.00   9.6  34.0   22:20   SSW
15  65.7  83.2   16:41  52.2   08:17   4.6   5.2  0.00   7.7  33.0   00:23    SW
16  55.2  73.6   11:10  34.4   23:56  10.8   1.0  0.00   9.9  41.0   17:21   NNE
17  34.2  40.2   17:42  26.6   08:13  30.8   0.0  0.00   6.7  21.0   22:22     E
18  42.2  57.7   17:21  29.3   07:41  22.8   0.0  0.00  11.3  33.0   12:11   SSE
19  44.4  60.3   16:12  28.5   05:18  20.6   0.0  0.00   8.0  41.0   14:34    NW
20  49.6  72.9   13:40  27.0   03:03  17.2   1.8  0.00   6.9  27.0   14:26    NW
21  49.7  75.0   16:52  27.0   07:34  16.8   1.5  0.00   9.8  33.0   17:33   SSE
22  39.1  56.5   00:00  27.7   23:52  25.8   0.0  0.00   8.1  30.0   13:04   NNW
23  41.8  63.1   13:34  20.7   06:32  23.0   0.0  0.00   7.1  27.0   14:33     S
24  48.2  65.4   15:55  35.3   07:19  16.0   0.0  0.00   8.3  31.0   01:34   SSW
25  36.2  45.2   15:10  22.7   23:58  28.8   0.0  0.00  11.6  37.0   09:16   NNW
26  30.4  51.4   14:20  15.5   05:21  34.6   0.0  0.00   4.5  26.0   14:24    NE
27  41.9  61.5   16:37  29.5   02:26  23.1   0.0  0.00   5.5  23.0   11:03   SSW
28  52.6  78.2   16:56  25.4   07:45  15.3   2.9  0.00  10.7  43.0   21:12     S
29  51.3  62.9   00:00  37.5   05:41  13.7   0.0  0.00  11.9  45.0   09:59    NW
30  53.6  73.9   14:53  34.1   07:33  13.4   2.0  0.00   6.5  35.0   11:48    NW
31  56.1  81.0   15:04  29.4   07:08  13.2   4.4  0.00   6.1  26.0   14:20    SW
----------------------------------------------------------------------------------
    42.5  83.2    15    -1.9     5   720.4  24.5  0.03   7.9  53.0     3       W

Max >=  90.0:  0
Max <=  32.0:  2
Min <=  32.0: 24
Min <=   0.0:  2
Max Rain: 0.02 on day 3
Days of Rain: 2 (>= 0.01 in)  0 (>= 0.10 in)  0 (>= 1.00 in)
Heat Base: 65.0  Cool Base: 65.0  Method: Integration