NOAA style reports

NOAA-style Climate Reports

Select a Year or Month report

Report for 2015 Feb
                   Monthly Climatological Summary for Feb 2015

Name: departure period NCDC 1981-2010   City: Valentine   State: Nebraska
Elevation: 2588 ft  Lat: N 42 52' 30"   Lon: W 100 33' 48"

                  Temperature (F), Rain (in), Wind Speed (mph)

                                      Heat  Cool        Avg
    Mean                              Deg   Deg         Wind                 Dom
Day Temp  High   Time   Low    Time   Days  Days  Rain  Speed High   Time    Dir
----------------------------------------------------------------------------------
 1   2.6  12.2   00:00 -10.4   23:34  62.4   0.0  0.08  12.1  35.0   07:41   NNW
 2  17.0  40.9   14:04 -10.7   01:21  48.0   0.0  0.00   4.8  25.0   15:56   WNW
 3  28.5  47.3   13:08  18.1   00:40  36.1   0.0  0.00   5.6  28.0   14:49   NNW
 4  14.3  22.7   15:47   6.6   22:25  50.7   0.0  0.00   8.8  24.0   02:55   NNW
 5  29.2  45.3   14:25   9.8   00:00  35.8   0.0  0.00   5.2  23.0   04:06    SW
 6  45.1  63.0   16:17  33.3   00:07  19.9   0.0  0.00   4.7  17.0   23:52   WSW
 7  52.1  71.1   14:07  35.0   03:01  13.5   0.7  0.00   8.0  33.0   23:32     W
 8  45.3  63.4   14:45  30.8   23:43  19.7   0.0  0.00   7.0  33.0   13:44    NW
 9  38.8  55.5   13:57  26.2   06:59  25.2   0.0  0.00   6.2  35.0   23:59    SE
10  43.7  60.1   13:07  27.3   23:59  21.3   0.0  0.00  13.5  46.0   21:25    NW
11  25.7  39.2   15:34  12.8   23:58  38.3   0.0  0.00  12.1  38.0   03:49     N
12  22.6  41.3   17:29   7.0   03:57  42.4   0.0  0.00   8.2  31.0   13:43     S
13  42.5  61.9   14:52  28.7   06:27  22.5   0.0  0.00   5.3  31.0   14:54   WNW
14  20.1  29.9   04:07  15.2   11:32  44.9   0.0  0.00   9.2  28.0   06:12     E
15  26.3  38.8   16:25  16.5   00:02  38.7   0.0  0.00   5.8  20.0   00:05     W
16  28.2  39.2   15:56  20.5   00:13  36.8   0.0  0.14   5.3  32.0   16:09    NW
17  13.5  23.4   03:35   4.6   21:16  51.5   0.0  0.03   9.0  32.0   16:50   NNW
18   9.5  19.7   15:03  -6.2   07:36  55.3   0.0  0.00   5.4  23.0   10:28   NNW
19  26.5  40.0   16:39  14.8   00:00  38.5   0.0  0.00   6.9  22.0   09:03     S
20  37.5  49.8   14:37  24.2   07:25  27.5   0.0  0.00   5.0  22.0   13:50   WNW
21  22.8  32.6   07:12  12.3   23:58  42.2   0.0  0.01   8.7  29.0   07:28     N
22   5.7  12.4   15:58  -1.1   23:40  59.3   0.0  0.00   6.5  21.0   13:15     N
23  18.1  35.4   15:15  -1.1   00:18  46.9   0.0  0.00   8.7  33.0   14:38   WSW
24  36.5  52.0   15:42  24.3   01:07  28.5   0.0  0.00   5.5  20.0   04:05   WNW
25  24.1  44.5   05:00   8.1   23:31  40.9   0.0  0.00  11.8  38.0   06:31     N
26   4.5  13.3   14:57  -3.9   23:30  60.5   0.0  0.01   8.0  24.0   12:53     N
27   9.7  26.1   16:16  -8.7   06:47  55.3   0.0  0.00   8.2  29.0   14:01     S
28  21.5  35.3   15:57  10.6   07:32  43.5   0.0  0.00   8.0  24.0   09:56   WSW
----------------------------------------------------------------------------------
    25.4  71.1     7   -10.7     2  1106.1   0.7  0.27   7.6  46.0    10      NW

Max >=  90.0:  0
Max <=  32.0:  8
Min <=  32.0: 26
Min <=   0.0:  7
Max Rain: 0.14 on day 16
Days of Rain: 5 (>= 0.01 in)  1 (>= 0.10 in)  0 (>= 1.00 in)
Heat Base: 65.0  Cool Base: 65.0  Method: Integration