NOAA style reports

NOAA-style Climate Reports


Report for 2015 Jan
                   Monthly Climatological Summary for Jan 2015

Name: departure period NCDC 1981-2010   City: Valentine   State: Nebraska
Elevation: 2588 ft  Lat: N 42 52' 30"   Lon: W 100 33' 48"

                  Temperature (F), Rain (in), Wind Speed (mph)

                                      Heat  Cool        Avg
    Mean                              Deg   Deg         Wind                 Dom
Day Temp  High   Time   Low    Time   Days  Days  Rain  Speed High   Time    Dir
----------------------------------------------------------------------------------
 1  17.8  31.0   15:56   4.8   02:36  47.2   0.0  0.00   5.0  17.0   12:29     W
 2  21.1  35.8   14:05   5.8   06:39  43.9   0.0  0.00   2.4  10.0   13:48    SW
 3  13.9  32.8   09:01   0.3   23:56  51.0   0.0  0.05  15.8  40.0   14:22   NNW
 4  -0.1   8.0   13:18 -12.3   08:40  65.1   0.0  0.00   3.3  16.0   00:07   WNW
 5  14.0  36.5   16:26   4.3   23:58  51.0   0.0  0.03  12.0  45.0   19:21     W
 6  10.4  20.3   12:48   0.4   04:24  54.6   0.0  0.00   8.7  36.0   22:14   NNW
 7   5.1  15.5   23:21  -4.1   08:46  59.9   0.0  0.00  10.8  33.0   05:01   WNW
 8  22.0  37.8   09:42   5.9   23:59  41.2   0.0  0.00  15.3  52.0   15:01    NW
 9   5.0  14.9   14:53  -3.7   23:51  60.0   0.0  0.00   6.0  23.0   14:05   WNW
10  19.1  35.5   12:08  -3.3   00:00  45.9   0.0  0.00   4.4  20.0   12:28   WNW
11  10.7  20.0   12:55   1.3   02:35  54.3   0.0  0.00   5.6  24.0   16:00     N
12   5.4  13.8   00:00  -5.5   09:19  59.6   0.0  0.00   3.1  16.0   00:55    SE
13  19.7  30.0   14:10  11.3   00:00  45.3   0.0  0.00   7.6  28.0   11:17    SW
14  19.3  34.7   15:41   5.4   07:58  45.7   0.0  0.00   4.2  15.0   12:37     W
15  29.1  42.3   14:08  16.0   08:08  35.9   0.0  0.00   6.5  21.0   10:22     W
16  34.4  45.9   15:32  22.0   08:31  30.6   0.0  0.00   6.0  20.0   19:42     W
17  36.4  42.8   14:23  27.2   20:52  28.6   0.0  0.00   9.5  35.0   12:47   WNW
18  33.3  47.5   14:29  19.1   06:18  31.7   0.0  0.00   4.6  18.0   09:27     W
19  38.4  49.2   13:26  27.6   23:59  26.6   0.0  0.00   6.5  24.0   13:26   WNW
20  33.0  42.9   12:56  25.3   07:20  32.0   0.0  0.00   8.5  33.0   13:49   WNW
21  28.5  32.5   10:36  17.8   23:59  36.1   0.0  0.00   8.3  26.0   07:46    NW
22  25.4  42.3   15:22  13.4   05:03  39.6   0.0  0.00   4.2  26.0   12:21   WSW
23  32.9  47.4   13:37  19.0   04:32  32.1   0.0  0.00   7.3  29.0   16:02    NW
24  37.7  47.5   13:36  27.0   04:06  27.1   0.0  0.01  10.1  49.0   21:38   WNW
25  36.8  44.6   15:53  31.5   08:22  28.2   0.0  0.00   8.5  40.0   00:21    NW
26  42.8  60.6   15:31  30.1   23:53  22.2   0.0  0.00   6.0  28.0   13:47   WNW
27  43.6  69.4   15:51  27.5   04:21  21.8   0.4  0.01   2.9  15.0   11:54   WSW
28  45.5  61.3   13:35  33.5   01:18  19.5   0.0  0.00  12.6  44.0   20:52    NW
29  34.2  44.7   14:36  20.2   23:58  30.8   0.0  0.00   9.9  44.0   00:07   NNW
30  32.6  52.9   15:05  18.5   04:09  32.4   0.0  0.00   2.9  32.0   11:38   SSW
31  24.2  30.3   05:24  12.2   23:58  40.8   0.0  0.22   7.9  25.0   23:52    NE
----------------------------------------------------------------------------------
    24.9  69.4    27   -12.3     4  1240.7   0.4  0.32   7.3  52.0     8     WNW

Max >=  90.0:  0
Max <=  32.0:  9
Min <=  32.0: 30
Min <=   0.0:  5
Max Rain: 0.22 on day 31
Days of Rain: 5 (>= 0.01 in)  1 (>= 0.10 in)  0 (>= 1.00 in)
Heat Base: 65.0  Cool Base: 65.0  Method: Integration