NOAA style reports

NOAA-style Climate Reports

Select a Year or Month report

Report for 2014 Dec
                   Monthly Climatological Summary for Dec 2014

Name: EW3958   City: Valentine   State: Nebraska
Elevation: 2588 ft  Lat: N 42 52' 30"   Lon: W 100 33' 48"

                  Temperature (F), Rain (in), Wind Speed (mph)

                                      Heat  Cool        Avg
    Mean                              Deg   Deg         Wind                 Dom
Day Temp  High   Time   Low    Time   Days  Days  Rain  Speed High   Time    Dir
----------------------------------------------------------------------------------
 1  15.6  29.0   15:43   1.0   07:36  49.4   0.0  0.00   9.9  43.0   14:27   SSW
 2  31.3  45.9   14:07  19.3   07:51  33.6   0.0  0.00   5.8  29.0   10:12    NW
 3  26.8  37.0   17:28  10.4   07:59  38.2   0.0  0.00  10.2  39.0   20:37     S
 4  36.2  55.4   14:50  18.8   07:41  28.8   0.0  0.00   4.2  23.0   00:32   SSW
 5  33.7  49.7   12:38  19.2   23:36  30.9   0.0  0.00   4.5  21.0   11:35   NNW
 6  31.3  46.3   14:20  15.2   03:35  33.7   0.0  0.00   8.1  33.0   22:30     S
 7  41.6  60.3   13:05  26.1   08:07  23.4   0.0  0.00   7.1  31.0   14:28   WNW
 8  34.5  54.9   13:09  17.1   23:30  30.5   0.0  0.00   6.0  28.0   14:26    NW
 9  31.5  49.7   14:54  19.3   00:00  33.5   0.0  0.00   5.5  30.0   13:32   SSW
10  34.0  57.1   15:25  18.5   08:18  30.3   0.0  0.00   1.8   9.0   13:35   WSW
11  37.7  62.1   13:49  21.9   04:30  27.3   0.0  0.00   2.9  15.0   14:36     S
12  41.1  59.7   15:02  25.6   07:44  23.9   0.0  0.00   8.6  28.0   19:27   SSW
13  43.4  55.8   15:01  34.3   23:30  21.6   0.0  0.00   7.8  30.0   11:40   SSW
14  35.1  41.8   06:19  29.6   23:59  29.9   0.0  0.13  10.3  32.0   15:23   NNW
15  25.6  29.7   00:02  22.3   23:18  39.4   0.0  0.26  14.6  33.0   13:51   NNW
16  20.8  22.5   14:49  19.4   23:26  44.2   0.0  0.00   5.6  24.0   00:34   NNW
17  20.6  23.3   23:59  17.7   06:35  44.4   0.0  0.00   9.0  18.0   12:54     S
18  22.9  28.3   15:17  11.4   23:26  42.1   0.0  0.00   3.1  14.0   01:40    SW
19  23.1  40.1   15:02  11.6   04:12  41.9   0.0  0.00   2.9  14.0   11:49   WSW
20  25.7  41.5   15:09  12.6   08:02  39.2   0.0  0.00   2.3  14.0   11:55     W
21  34.4  47.8   13:12  23.2   08:25  30.4   0.0  0.00   3.8  17.0   15:57    SW
22  34.6  40.7   12:16  26.5   23:43  30.4   0.0  0.01  11.6  37.0   11:54    NW
23  26.2  29.1   14:08  17.6   23:59  38.8   0.0  0.07  15.7  39.0   12:47   NNW
24  24.0  37.9   14:52   8.7   08:38  41.0   0.0  0.00   3.5  14.0   00:53   WSW
25  28.6  32.2   01:29  23.6   23:52  36.4   0.0  0.03   8.8  30.0   11:43   NNE
26  20.9  23.7   00:00  16.5   23:49  44.1   0.0  0.09   9.9  23.0   00:17     N
27  14.4  25.0   15:26   2.5   08:24  50.6   0.0  0.01   4.4  15.0   04:55     W
28  12.8  24.8   16:10  -1.5   07:45  52.2   0.0  0.07   3.0  14.0   23:02   ESE
29   4.7  16.7   00:00  -7.5   23:37  60.3   0.0  0.11   8.7  26.0   14:17   NNE
30  -5.6   3.9   15:15 -13.2   23:19  69.9   0.0  0.00   4.4  21.0   12:00   WNW
31   4.4  20.6   15:24 -13.1   01:05  60.6   0.0  0.00   6.8  30.0   16:07     W
----------------------------------------------------------------------------------
    26.2  62.1    11   -13.2    30  1200.9   0.0  0.78   6.8  43.0     1     WNW

Max >=  90.0:  0
Max <=  32.0: 12
Min <=  32.0: 30
Min <=   0.0:  4
Max Rain: 0.26 on day 15
Days of Rain: 9 (>= 0.01 in)  3 (>= 0.10 in)  0 (>= 1.00 in)
Heat Base: 65.0  Cool Base: 65.0  Method: Integration