NOAA style reports

NOAA-style Climate Reports


Report for 2014 Nov
                   Monthly Climatological Summary for Nov 2014

Name: EW3958   City: Valentine   State: Nebraska
Elevation: 2588 ft  Lat: N 42 52' 30"   Lon: W 100 33' 48"

                  Temperature (F), Rain (in), Wind Speed (mph)

                                      Heat  Cool        Avg
    Mean                              Deg   Deg         Wind                 Dom
Day Temp  High   Time   Low    Time   Days  Days  Rain  Speed High   Time    Dir
----------------------------------------------------------------------------------
 1  41.6  52.3   17:09  31.6   08:05  23.4   0.0  0.00  17.9  38.0   09:41     S
 2  51.2  72.2   15:01  36.8   07:45  15.5   1.1  0.00   3.6  19.0   00:05   SSW
 3  41.2  54.0   01:29  31.1   23:37  23.8   0.0  0.13  10.2  36.0   10:14   NNW
 4  41.7  60.3   14:04  26.1   06:31  23.3   0.0  0.00   5.6  27.0   12:13     W
 5  48.0  61.3   12:14  35.7   23:44  16.8   0.0  0.00   9.0  42.0   13:18    NW
 6  44.6  62.1   14:58  26.0   06:31  20.3   0.0  0.00   5.5  26.0   22:27   SSW
 7  52.2  65.1   11:21  39.1   06:21  12.8   0.0  0.00  12.1  50.0   11:39    NW
 8  41.3  61.2   15:53  26.8   06:45  23.7   0.0  0.00   4.5  20.0   16:09     W
 9  42.7  58.7   14:07  28.7   05:09  22.3   0.0  0.00   4.7  16.0   18:32   ESE
10  23.5  40.5   01:23  11.2   22:05  41.5   0.0  0.00  15.7  39.0   12:51     N
11   9.6  13.6   11:28   3.0   23:35  54.6   0.0  0.00  10.0  31.0   09:42   NNW
12   7.8  17.8   13:13  -0.3   03:25  53.9   0.0  0.00  10.8  36.0   14:32    NW
13   7.8  20.1   14:28  -5.1   07:46  57.2   0.0  0.00   4.2  20.0   01:00    NW
14  17.3  27.3   15:53   2.6   03:53  47.1   0.0  0.00   8.5  29.0   13:27   SSE
15   9.8  21.2   00:00  -9.9   23:05  54.9   0.0  0.40   7.9  31.0   13:02   NNW
16   7.5  26.1   12:54 -12.4   05:11  57.5   0.0  0.00  10.5  37.0   13:44    NW
17  11.3  15.8   13:54  -0.2   23:59  53.7   0.0  0.00   8.6  31.0   11:05    NW
18  16.2  37.7   22:22 -10.5   07:00  48.8   0.0  0.00   5.6  32.0   23:38   WNW
19  25.1  34.5   00:00  17.7   22:05  39.9   0.0  0.00   7.7  36.0   02:39   NNW
20  22.5  35.1   16:13  15.9   05:50  42.5   0.0  0.00   3.0  14.0   12:50    SE
21  34.4  51.3   15:02  24.3   04:26  30.6   0.0  0.00   3.2  17.0   12:23    SW
22  41.3  62.7   13:33  24.4   04:55  23.7   0.0  0.00   5.4  35.0   13:53   WSW
23  39.0  46.4   13:20  30.0   23:59  26.0   0.0  0.00  14.6  47.0   13:21    NW
24  25.4  34.8   14:27  17.4   22:36  39.6   0.0  0.00   8.8  31.0   13:17   NNW
25  31.4  42.6   15:53  19.0   04:55  33.6   0.0  0.00   5.3  32.0   23:20   WNW
26  25.6  35.0   00:00  21.2   07:30  39.4   0.0  0.00   9.8  49.0   04:47   NNW
27  30.4  43.9   16:03  19.6   06:05  34.6   0.0  0.00   7.3  22.0   10:26   SSE
28  44.2  65.6   13:32  28.9   06:23  20.8   0.0  0.00   4.4  22.0   13:37     W
29  43.0  70.3   12:56  14.7   23:47  22.3   0.5  0.00  10.7  36.0   18:35    NW
30   8.8  14.7   00:00   4.5   06:44  56.2   0.0  0.00  10.6  29.0   09:01   NNW
----------------------------------------------------------------------------------
    29.5  72.2     2   -12.4    16  1060.3   1.6  0.53   8.2  50.0     7      NW

Max >=  90.0:  0
Max <=  32.0:  8
Min <=  32.0: 27
Min <=   0.0:  6
Max Rain: 0.40 on day 15
Days of Rain: 2 (>= 0.01 in)  2 (>= 0.10 in)  0 (>= 1.00 in)
Heat Base: 65.0  Cool Base: 65.0  Method: Integration