NOAA style reports

NOAA-style Climate Reports

Select a Year or Month report

Report for 2014 Sep
                   Monthly Climatological Summary for Sep 2014

Name: EW3958   City: Valentine   State: Nebraska
Elevation: 2588 ft  Lat: N 42 52' 30"   Lon: W 100 33' 48"

                  Temperature (F), Rain (in), Wind Speed (mph)

                                      Heat  Cool        Avg
    Mean                              Deg   Deg         Wind                 Dom
Day Temp  High   Time   Low    Time   Days  Days  Rain  Speed High   Time    Dir
----------------------------------------------------------------------------------
 1  60.3  78.7   15:27  49.9   06:36   7.0   2.4  0.11   2.5  17.0   16:54     W
 2  65.8  83.6   16:27  45.9   07:06   6.2   7.0  0.01   5.2  18.0   14:32   SSW
 3  80.4  97.7   16:41  69.0   07:26   0.0  15.4  0.00   9.9  26.0   06:27   SSW
 4  67.0  91.5   01:12  53.6   23:40   2.0   3.9  0.00  10.7  31.0   08:52   NNW
 5  57.7  69.9   16:16  48.4   23:49   7.8   0.5  0.01   2.4  14.0   02:14   NNW
 6  61.5  79.3   16:34  42.7   05:51   7.7   4.2  0.00   3.6  18.0   14:17     S
 7  70.2  84.3   16:33  57.6   04:29   2.0   7.2  0.00  10.1  27.0   14:47     S
 8  73.6  93.2   15:51  57.2   07:24   1.4  10.0  0.00   3.7  20.0   01:53     W
 9  59.7  65.5   15:20  51.0   23:55   5.3   0.0  0.36   3.1  23.0   23:48     N
10  46.5  51.0   00:00  44.4   10:14  18.5   0.0  0.03   9.2  23.0   04:42   NNW
11  41.3  45.1   00:25  38.4   08:45  23.7   0.0  0.19   4.7  14.0   01:50   NNE
12  43.6  55.1   17:11  35.2   06:36  21.4   0.0  0.00   3.4  13.0   00:28     W
13  50.3  67.8   17:15  37.9   07:10  14.9   0.2  0.00   6.6  25.0   11:07   SSW
14  50.5  63.8   14:13  37.6   05:36  14.5   0.0  0.00   3.3  15.0   13:26   ENE
15  54.0  66.2   16:13  40.1   06:57  11.1   0.0  0.00   3.1  14.0   13:21     E
16  61.0  80.0   16:19  47.2   03:22   7.6   3.5  0.00   3.1  16.0   11:19   SSW
17  63.8  83.7   15:24  45.8   05:45   6.6   5.3  0.00   2.5  13.0   16:18   ENE
18  67.8  80.6   17:06  57.7   05:58   1.8   4.6  0.00   7.9  26.0   14:39     S
19  72.4  88.8   15:35  58.3   07:43   1.1   8.5  0.00   3.7  20.0   23:22   WSW
20  66.5  83.9   13:57  51.2   23:59   4.0   5.5  0.00   6.4  28.0   16:47   NNW
21  57.3  74.7   15:39  41.4   07:47   9.9   2.2  0.00   3.9  18.0   12:31   NNW
22  59.2  72.1   13:23  43.5   02:02   7.0   1.1  0.02  10.6  29.0   15:49     S
23  64.2  76.7   17:52  55.4   06:32   3.4   2.6  0.00   6.7  23.0   01:28     S
24  67.7  88.7   15:48  51.0   07:34   4.7   7.4  0.01   3.2  15.0   16:06   NNW
25  69.8  92.1   14:28  47.3   07:33   5.5  10.4  0.00   6.0  20.0   15:56     S
26  74.2  89.0   15:19  57.2   07:52   0.8  10.0  0.00  12.4  28.0   15:31     S
27  71.8  86.6   15:21  58.8   07:32   1.1   7.9  0.00  11.0  28.0   16:17     S
28  66.7  81.2   15:03  55.8   08:08   2.4   4.1  0.00   5.0  20.0   18:56   NNE
29  59.9  69.9   14:06  52.8   06:30   5.7   0.7  0.01   6.8  18.0   23:41   ENE
30  63.1  74.3   16:33  52.9   22:35   3.6   1.7  0.06  14.2  50.4   15:11   SSW
----------------------------------------------------------------------------------
    62.3  97.7     3    35.2    12   208.7 126.3  0.81   6.2  50.4    30     SSW

Max >=  90.0:  4
Max <=  32.0:  0
Min <=  32.0:  0
Min <=   0.0:  0
Max Rain: 0.36 on day 9
Days of Rain: 10 (>= 0.01 in)  3 (>= 0.10 in)  0 (>= 1.00 in)
Heat Base: 65.0  Cool Base: 65.0  Method: Integration