NOAA style reports

NOAA-style Climate Reports

Select a Year or Month report

Report for 2014 Jun
                   Monthly Climatological Summary for Jun 2014

Name: EW3958   City: Valentine   State: Nebraska
Elevation: 2588 ft  Lat: N 42 52' 30"   Lon: W 100 33' 48"

                  Temperature (F), Rain (in), Wind Speed (mph)

                                      Heat  Cool        Avg
    Mean                              Deg   Deg         Wind                 Dom
Day Temp  High   Time   Low    Time   Days  Days  Rain  Speed High   Time    Dir
----------------------------------------------------------------------------------
 1  64.5  69.8   19:52  60.1   23:59   0.2   0.2  0.00   1.9  17.0   19:43     N
 2  65.6  78.9   15:32  51.8   05:48   3.7   4.3  0.00   2.7  17.0   10:14    NW
 3  59.1  70.3   17:03  54.5   01:30   6.2   0.3  1.03   5.8  40.0   11:15   ENE
 4  63.5  77.0   17:39  52.8   01:35   4.6   3.1  0.66   3.1  30.0   22:04     E
 5  66.0  78.7   16:30  54.4   05:11   3.3   4.3  0.54   3.6  25.0   01:55   WNW
 6  60.0  80.2   13:04  48.5   23:26   7.0   2.0  1.97   5.4  43.0   15:09    NE
 7  52.8  62.1   15:55  46.2   04:07  12.2   0.0  0.00   4.6  23.0   00:14     N
 8  50.3  54.3   00:00  45.4   05:21  14.6   0.0  1.33   2.2  19.0   10:55     E
 9  54.3  63.2   17:03  48.4   02:34  10.7   0.0  0.30   2.5  12.0   12:15   NNE
10  62.6  78.8   17:15  44.9   06:14   6.7   4.3  0.00   4.5  16.0   16:46   SSE
11  61.9  69.8   16:34  51.7   23:56   3.5   0.4  0.11   6.5  23.0   19:28   NNW
12  56.2  67.3   16:36  42.7   06:06   9.0   0.2  0.00   4.6  23.0   00:25   NNW
13  66.0  81.7   17:00  47.5   01:09   5.3   6.2  0.00  11.6  37.0   15:22   SSE
14  65.6  72.9   02:59  58.7   23:57   1.3   1.9  0.05   6.4  27.0   02:54   NNE
15  64.3  78.2   16:41  49.0   06:49   4.5   3.8  0.02   4.1  24.0   20:53     W
16  74.0  89.7   17:09  59.2   04:57   0.7   9.7  0.00   6.0  26.0   09:04     S
17  70.4  81.5   16:29  61.7   06:36   0.3   5.7  0.00   3.7  21.0   20:53   ENE
18  69.3  76.4   15:40  62.8   23:38   0.1   4.5  0.00   4.4  19.0   16:17     N
19  66.9  78.1   17:04  53.9   06:57   2.8   4.8  0.30   4.2  19.0   02:57     W
20  73.5  88.8   15:24  53.6   01:59   2.2  10.7  0.00   3.8  24.0   09:50   WSW
21  73.7  91.7   16:03  62.0   03:01   0.4   9.2  0.02   5.1  33.0   19:02     S
22  68.1  79.0   15:11  58.3   06:17   1.6   4.7  0.00   4.6  21.0   14:52     N
23  66.8  80.0   14:39  54.8   06:08   3.0   4.8  0.00   2.5  20.0   16:42   NNW
24  68.1  80.9   17:33  55.9   05:38   2.4   5.5  0.00   1.6  13.0   20:08   SSW
25  70.3  84.4   17:17  54.4   04:46   2.7   8.0  0.00   5.4  23.0   18:20   SSE
26  75.2  88.3   16:44  63.0   02:49   0.2  10.4  0.17   6.9  26.0   17:45   SSE
27  72.5  85.8   17:06  61.1   23:04   0.6   8.1  1.81   4.5  30.0   22:21   SSE
28  66.9  76.9   14:30  60.4   04:41   1.4   3.3  0.21   3.4  18.0   08:45     W
29  72.0  86.2   18:07  56.2   06:32   1.6   8.6  0.00   2.8  16.0   17:53   WSW
30  69.5  80.1   17:09  61.0   05:10   0.6   5.1  0.00   6.0  25.0   12:24   NNW
----------------------------------------------------------------------------------
    65.7  91.7    21    42.7    12   113.4 134.1  8.52   4.6  43.0     6     NNE

Max >=  80.0: 13
Max <=  32.0:  0
Min <=  32.0:  0
Min <=   0.0:  0
Max Rain: 1.97 on day 6
Days of Rain: 14 (>= 0.01 in)  11 (>= 0.10 in)  4 (>= 1.00 in)
Heat Base: 65.0  Cool Base: 65.0  Method: Integration